*k**2 - 2*k. Calculate j(-1).
96
Let l(z) = 5*z**3 - 2*z - 1. Determine l(-1).
-4
Let b(p) = 2*p - 5. Give b(9).
13
Let h(r) = 25*r**2 - 34*r - 33. Give h(-1).
26
Let w(h) = h**3 + 7*h**2 + 9*h + 4. Determine w(-6).
-14
Let d(i) = 2*i**2 - 45*i + 158. Determine d(4).
10
Let y(o) = 4*o + 8. Give y(-4).
-8
Let w(b) = -b**2 + b + 26. Calculate w(6).
-4
Let l(c) = c**3 + 10*c**2 + 17*c. Calculate l(-8).
-8
Let y(z) = -7*z - 47. Calculate y(-6).
-5
Let p(b) = b**2 - 8*b + 27. What is p(6)?
15
Let c(y) = y**3 - 3*y**2 - 3*y - 1. What is c(-1)?
-2
Let n(z) = z**3 + 4*z**2 + 4. Calculate n(-3).
13
Let r(d) = 30*d**2 - d + 1. Determine r(1).
30
Let c(r) = 3*r. Calculate c(-5).
-15
Let b(f) = -f**3 + f**2 + 6*f + 9. Give b(5).
-61
Let s(y) = 5*y. Determine s(-5).
-25
Let v(k) = k**3 + 4*k**2 + 8*k + 6. Give v(-3).
-9
Let h(p) = 4*p + 1. Determine h(1).
5
Let a(d) = 6*d**2 - d + 1. Give a(2).
23
Let a(w) = 3*w**3 + 2*w**2 - 3*w - 2. Calculate a(-2).
-12
Let l(z) = z**2 + 8*z + 1. Give l(-7).
-6
Let f(q) = -14*q - 169. What is f(-11)?
-15
Let g(o) = -21*o + 141. Determine g(7).
-6
Let g(p) = -p**3 + 7*p**2 - 5*p + 7. Give g(6).
13
Let q(i) = -4*i**2 - 25*i - 20. Determine q(-6).
-14
Let f(z) = -2*z + 16. What is f(-4)?
24
Let b(d) = -d**2 + 2*d - 7. Determine b(0).
-7
Let r(k) = k**3 + 19*k**2 - 20*k - 7. Give r(-20).
-7
Let j(h) = h**3 + 9*h**2 + 8*h. Calculate j(-8).
0
Let a(r) = -r**3 - 38*r**2 - 39*r - 76. What is a(-37)?
-2
Let o(v) = -2*v**2 - 8*v + 31. Calculate o(-6).
7
Let k(f) = -3*f**2 + 10*f - 7. Determine k(6).
-55
Let f(g) = -8*g - 7. What is f(-3)?
17
Let s(t) = 25*t - 189. Calculate s(8).
11
Let u(l) = -6*l + 22. Give u(-18).
130
Let r(f) = -4*f**2 - 267*f + 67. Determine r(-67).
0
Let s(l) = 2*l - 20. Calculate s(7).
-6
Let z(h) = h**3 + h**2 - 2*h + 68. Calculate z(0).
68
Let c(r) = r + 10. Give c(-7).
3
Let v(o) = 4*o + 2. Calculate v(-3).
-10
Let t(o) = 2*o + 1. What is t(-3)?
-5
Let x(o) = o + 11. Calculate x(-14).
-3
Let h(g) = g**2 + 52*g + 250. Determine h(-47).
15
Let u(c) = -318*c - 1596. Calculate u(-5).
-6
Let m(j) = -j**2 - 32*j - 172. Calculate m(-7).
3
Let h(j) = -j**3 + 5*j**2 - 4*j - 2. Give h(2).
2
Let n(p) = p**3 + p**2 - 4*p - 7. What is n(-3)?
-13
Let h(d) = -d**2 - 2*d + 46. Calculate h(6).
-2
Let n(v) = 31*v**2 - 3*v + 9. Determine n(2).
127
Let q(m) = -m**3 + m**2 + 2*m + 1. Determine q(3).
-11
Let v(z) = -z**2 + 18*z - 58. Determine v(14).
-2
Let v(y) = -2*y - 3. Calculate v(-7).
11
Let l(n) = 7*n + 9. Calculate l(-10).
-61
Let i(f) = -2*f**2 - 59*f + 36. What is i(-30)?
6
Let v(g) = g**3 - 4*g**2 + 2*g + 4. Determine v(3).
1
Let h(v) = 3*v**2 - 7*v + 4. Give h(4).
24
Let s(l) = l**2 - 13*l + 16. Calculate s(8).
-24
Let v(q) = 3*q + 10. Calculate v(-5).
-5
Let n(w) = 4*w**3 - 3*w**2 + 2*w. Give n(2).
24
Let y(u) = -6*u - 114. Calculate y(-21).
12
Let h(s) = 2*s**3 - 12*s**2 - 4*s + 17. Determine h(6).
-7
Let c(z) = z**3 + 4*z**2 - 3*z - 3. What is c(-4)?
9
Let u(r) = r**3 + 23*r**2 - r - 16. What is u(-23)?
7
Let m(c) = -c**2 + 2*c - 1. Give m(-9).
-100
Let o(p) = p**2 + 13*p + 20. Determine o(-9).
-16
Let u(m) = -33*m + 5. What is u(2)?
-61
Let m(n) = -4*n**2 + 8*n + 58. Calculate m(5).
-2
Let j(x) = x**3 - 7*x**2 - 8*x - 6. Determine j(8).
-6
Let n(m) = 9*m - 6. Calculate n(-2).
-24
Let o(a) = -a**2 - 33*a - 105. Determine o(-30).
-15
Let y(x) = -10*x - 5. Determine y(-2).
15
Let m(o) = 4*o + 21. Calculate m(10).
61
Let j(s) = -s - 36. What is j(6)?
-42
Let f(g) = -g - 20. Calculate f(-12).
-8
Let j(o) = 5*o - 1. Calculate j(-7).
-36
Let m(u) = -5*u + 8. What is m(5)?
-17
Let l(g) = -g**2 - 8*g + 3. Give l(-7).
10
Let s(n) = n**3 - 2*n**2 - n. Determine s(3).
6
Let s(n) = -2*n - 42. Calculate s(9).
-60
Let u(n) = -22*n**3 + 10*n**2 - 11*n + 1. Determine u(1).
-22
Let a(b) = b + 22. Determine a(-8).
14
Let f(k) = k**2 + 15*k - 48. Determine f(-18).
6
Let y(q) = 2*q**3 - 11*q**2 - 5*q. Calculate y(6).
6
Let b(j) = 7*j**3 + j - 1. Give b(1).
7
Let h(c) = -c + 48. What is h(21)?
27
Let i(s) = -4*s**2 + 2*s + 2. What is i(2)?
-10
Let k(j) = -j**3 - 10*j**2 + 10*j - 1. Calculate k(-11).
10
Let s(g) = g**3 - 5*g**2 + g + 6. Calculate s(4).
-6
Let b(w) = -w**3 - 21*w**2 - 35*w + 58. Determine b(-19).
1
Let f(s) = s**2 + 18*s - 20. Determine f(-20).
20
Let h(g) = -g**2 + 7*g + 12. Give h(8).
4
Let a(f) = -f**2 - 15*f - 42. What is a(-3)?
-6
Let s(n) = -37*n + 184. Give s(5).
-1
Let k(w) = -w - 10. Determine k(-5).
-5
Let p(u) = -10*u + 9. Determine p(2).
-11
Let o(h) = 2*h**2 - 37*h + 179. What is o(10)?
9
Let w(h) = -8*h + 50. Calculate w(6).
2
Let b(d) = 65*d + 326. Calculate b(-5).
1
Let z(j) = -6*j + 134. Give z(0).
134
Let c(t) = t**2 - 10*t + 11. Give c(8).
-5
Let b(z) = 12*z + 178. Give b(-13).
22
Let x(b) = b + 9. Give x(-11).
-2
Let i(m) = -m**3 + 16*m**2 - 19*m - 12. Give i(15).
-72
Let t(i) = -i**3 + 11*i**2 + 2. Give t(11).
2
Let d(m) = -2*m**2 + 17*m - 12. Determine d(11).
-67
Let h(s) = 4*s - 49. Calculate h(10).
-9
Let d(a) = a**3 + 6*a**2 - 10*a - 21. Determine d(-7).
0
Let d(c) = 2*c - 42. Calculate d(-7).
-56
Let l(t) = 3*t**2 - 3*t. Calculate l(2).
6
Let n(o) = 8*o + 40. What is n(9)?
112
Let u(p) = 29*p + 97. Give u(-3).
10
Let u(s) = s**2 + 14*s - 7. Give u(-14).
-7
Let v(m) = m**2 - 11*m - 13. Determine v(11).
-13
Let r(z) = -z**3 - 5*z**2 - 6*z - 4. Give r(-3).
-4
Let r(j) = 43*j**3 + 3*j - 4. What is r(1)?
42
Let m(g) = g + 4. Give m(-12).
-8
Let i(k) = k + 2. Determine i(-5).
-3
Let t(i) = -24*i + 63. Give t(3).
-9
Let a(w) = -23*w + 225. Determine a(10).
-5
Let o(j) = 7*j**2 + 23*j + 2. Calculate o(-4).
22
Let i(w) = w**3 + 14*w**2 - 3*w + 1. Calculate i(-14).
43
Let a(y) = y**3 - y - 13. Determine a(0).
-13
Let u(j) = 9*j - 28. What is u(1)?
-19
Let o(t) = 2*t + 8. Calculate o(1).
10
Let o(s) = 7*s**2 + 17*s - 4. Determine o(-4).
40
Let w(h) = -12*h + 4. Calculate w(-4).
52
Let p(i) = -9*i - 170. Give p(-18).
-8
Let n(u) = u**3 + 6*u**2 - 7*u - 7. What is n(-6)?
35
Let h(y) = 2*y**3 + 2*y**2 + 4*y + 3. Determine h(-2).
-13
Let r(w) = -12*w + 335. What is r(29)?
-13
Let l(n) = n**3 - 40*n**2 + 8. Calculate l(40).
8
Let r(v) = -8*v + 2. Give r(-1).
10
Let r(i) = 8*i + 19. Give r(14).
131
Let n(p) = -3*p**2 + 64*p - 40. Give n(21).
-19
Let h(k) = -k**3 - 4*k**2 - 7*k - 2. What is h(-3)?
10
Let m(h) = -2*h - 6. Determine m(-10).
14
Let s(a) = -13*a - 32. Calculate s(-4).
20
Let m(l) = -4*l**3 + 11*l**2 + 2*l - 1. Determine m(2).
15
Let d(x) = -x**3 + 12*x**2 + 26*x + 22. What is d(14)?
-6
Let p(o) = -2*o**2 - 7*o + 13. What is p(-5)?
-2
Let t(v) = -25*v + 1. What is t(0)?
1
Let m(u) = u**3 + 4*u**2 + 4*u + 7. What is m(-3)?
4
Let g(y) = y**3 + 5*y**2 - 6*y - 22. Calculate g(-5).
8
Let s(a) = -a**3 + 5*a**2 + 7*a - 9. Calculate s(6).
-3
Let o(i) = -2*i**2 - 46*i - 206. What is o(-6)?
-2
Let k(z) = 43*z - 346. What is k(8)?
-2
Let c(h) = 3*h + 44. Determine c(-7).
23
Let f(v) = 3*v - 46. Determine f(3).
-37
Let t(r) = 6*r + 4. Determine t(-4).
-20
Let h(y) = 48*y. Give h(1).
48
Let j(f) = 2*f + 4. Determine j(-1).
2
Let z(c) = c**2 - 24*c + 71. Determine z(22).
27
Let q(n) = 3*n + 58. Calculate q(-10).
28
Let g(u) = 4*u**2. Determine g(-5).
100
Let h(f) = 4*f**2 + 125*f - 98. Give h(-32).
-2
Let o(z) = 3*z + 22. What is o(-12)?
-14
Let a(y) = 3*y + 172. What is a(-54)?
10
Let l(q) = -q**3 - 8*q**2 + 9*q + 18. Give l(-9).
18
Let f(l) = 39*l. Determine f(1).
39
Let v(n) = -37*n - 22. Determine v(-2).
52
Let h(k) = k**2 - 3*k. Determine h(5).
10
Let l(n) = -n**3 + 4*n**2 + 6*n - 5. What is l(5)?
0
Let p(d) = -4*d + 4. Give p(-14).
60
Let y(g) = g**2 - 13*g + 48. What is y(7)?
6
Let j(g) = -g**3 - 13*g**2 - 5*g - 22. Calculate j(-13).
43
Let g(f) = -f**3 - 4*f**2 - 4*f - 4. Determine g(-4).
12
Let k(b) = b - 1. Calculate k(2).
1
Let c(a) = -a**3 - 39*a**2 - 73*a + 43. What is c(-37)?
6
Let y(g) = g + 5. Give y(8).
13
Let x(o) = o + 6. Calculate x(-11).
-5
Let p(k) = k**3 - 4*k**2 + 6*k - 12. What is p(4)?
12
Let l(r) = -r**3 - 17*r**2 + 7. Calculate l(-17).
7
Let j(y) = -4*y + 21. Give j(0).
21
Let h(d) = d**3 + 14*d**2 - 13*d + 34. Give h(-15).
4
Let z(x) = -x**3 + x**2 + 35*x - 27. Give z(6).
3
Let b(g) = -2*g + 1. Calculate b(-4).
9
Let v(u) = u**3 + 3*u**2 - 9*u + 3. What is v(-5)?
-2
Let k(i) = 